) be the third derivative of 11*m**5/60 - m**4/8 - 13*m**3/6 - m**2. Is g(s) a composite number?
True
Let g be (-2)/9 + 526/18. Let l(t) = 76*t + 25 - 120*t + 50*t. Is l(g) a prime number?
True
Let o be -3 - (-6)/(-7 - -8). Suppose -4*h = 2*s - 59402, 44556 = o*h + 3*s - 0*s. Is h prime?
False
Let r be (1696/10)/((18/375)/3). Let n = -6555 + r. Is n a prime number?
False
Let h(i) = 2*i**2 - 58*i + 410. Let t be h(13). Let u(f) = -161*f**2 + 3*f. Let n be u(2). Is t*(-5)/(-10) - n a prime number?
False
Let z(s) be the second derivative of s**6/12 - 23*s**5/120 + 13*s**4/12 - 30*s. Let f(l) be the third derivative of z(l). Is f(8) a prime number?
True
Let z = 496 + -342. Let q be (-3)/(-5) + (-85272)/(-255). Let x = z + q. Is x prime?
False
Suppose -49 = -8*w + w. Suppose -m - w*m - 72 = 0. Let r(y) = 4*y**2 + 20*y + 5. Is r(m) a composite number?
False
Is (10188948/1078)/(6/56) - -7 composite?
False
Suppose -d - 5*w + 560394 = 0, 69*w = -d + 73*w + 560439. Is d a prime number?
False
Let x be (-10)/(-6) + 9988/(-33). Let m = 1088 + x. Is m prime?
True
Let b be (-2)/4*(-80 + 4). Let z(j) = b*j**2 - 13*j**2 + 8*j**2 - 3 - 4*j. Is z(-4) prime?
True
Let j = 20 - 19. Suppose 3*k - j = 5. Suppose 5*c - 11 = w + 1517, k*c - 604 = -2*w. Is c prime?
False
Suppose -3*x + 3*a = 1473, 0*a + 6 = -3*a. Let z = 1325 + x. Let p = z - 45. Is p prime?
True
Let z(x) be the third derivative of x**6/120 + x**5/10 - 7*x**4/12 + 17*x**3/6 + 40*x**2 - x. Is z(10) prime?
False
Suppose 6*j = 11*j. Suppose 6*y + 14 + 10 = j. Is (-315)/y - (-5 + 76/16) composite?
False
Suppose 0 = 3*c - c - 11052. Suppose 5*q - 2*q = -2*h + c, -4*q + 7368 = 3*h. Suppose -13*b = -7*b - q. Is b prime?
True
Let v = -27932 - -60391. Is v a composite number?
True
Let l(q) = 2478*q**2 + 21*q + 9. Let z be l(-9). Is z/27 - ((-5)/3 + 2) a composite number?
True
Let p(b) = -2*b**2 + 430*b + 823. Is p(149) a composite number?
True
Let w be -6 + (4 - 100*-168). Let s = w - 6111. Is s a prime number?
True
Let o(x) = 804*x - 2222. Is o(42) a prime number?
False
Suppose -5*z = -6*z + 3, 0 = -4*v - 3*z + 461237. Is v a prime number?
False
Let f(u) = -u**3 + 7*u**2 - 9*u + 15. Let v be f(5). Suppose 19591 - 1131 = v*w. Is w a prime number?
False
Suppose -3*i + 2*x + 88592 = 3*x, 5*x = 4*i - 118129. Is i a prime number?
True
Let p = 263 + -201. Suppose p*a = 54*a + 7112. Is a a prime number?
False
Suppose -4*k = -z - 4054883, 210*k - 211*k - 2*z + 1013732 = 0. Is k a prime number?
False
Suppose 8*j + 79437 - 280261 = -2*d, 2*d = -j + 25103. Is j a prime number?
False
Suppose 0 = 3*g - 5 + 5. Suppose g = 2*p, -3*h - 2*p = 2*h - 20. Is (-1)/(1*h/(-1676)) composite?
False
Is 394274/(-2)*3/30*-10 prime?
True
Let t(n) be the third derivative of -n**5/20 - 2*n**4/3 + n**3/3 + n**2. Let a be t(-5). Let u(j) = 418*j + 13. Is u(a) composite?
False
Let c = 1746 + 5185. Is c a composite number?
True
Let n = 308 - 304. Suppose -n*o - 8*o + 85380 = 0. Is o a composite number?
True
Suppose 4*f + 131*k - 136*k - 240119 = 0, 2*k - 120064 = -2*f. Is f prime?
False
Suppose -379 = s + 216. Let p = s + 1116. Is p a composite number?
False
Suppose 4*v = -3*h + 16, -4*h - 48 = -5*v + 3. Let z(y) = 4*y**3 - y**2 - 11*y + 13. Is z(v) composite?
False
Let b = 130 - 128. Suppose -2*i + 4*g + 310 = 0, g - 121 = -b*i + 174. Is i composite?
False
Let x(j) = -2622*j + 306. Let n be x(-8). Suppose 188*g + n = 194*g. Is g composite?
False
Let v(z) = -1735*z**3 - z**2 + 1. Let y be v(-1). Suppose 3*n = 21 + 3. Suppose -y = -13*x + n*x. Is x composite?
False
Let y(c) = 214*c**2 + 14*c - 28. Let v be y(2). Let s = v - 535. Is s prime?
False
Suppose -2*b - 7931 = -w, -5*w + 6*b - 4*b = -39671. Let k = -5614 + w. Is k composite?
True
Suppose -11*y = -6*y + 20. Let d be y/10 + (-12)/(-45)*14799. Let u = d + -2585. Is u a prime number?
True
Let o(f) = 171*f - 24 + 170*f - 344*f. Let v be o(-9). Suppose -14*p = v*p - 22831. Is p composite?
True
Suppose -3*a + 1012 = -1364. Let h(x) = x**2 + 24*x - 156. Let q be h(-21). Let n = a + q. Is n a prime number?
False
Suppose 9*x - 3*m = 5*x - 4420, -2*m - 8 = 0. Let n = x - -4505. Is n composite?
True
Let f be 4*6/(-15)*-5. Let s(b) = 4*b**2 - 3*b + 16. Let v be s(f). Suppose 0 = 2*a - 638 - v. Is a composite?
False
Suppose -2341 = -34*p - 63. Let i = -931 - -1871. Suppose -r = -i - p. Is r a prime number?
False
Let g(h) = -h**3 - 20*h**2 + 20*h - 17. Let b be g(-21). Suppose -j = 4, b*x - 3*j = -j + 5452. Is x composite?
False
Suppose -5 = 65*a - 66*a, -2*j - a + 6003 = 0. Is j a composite number?
False
Suppose z + 3*k + 55940 = 192444, 4*k + 682615 = 5*z. Is z a composite number?
False
Suppose -4*s + 212090 - 6218663 = -13*s. Is s prime?
False
Let t = 1102 - 2924. Let s = 3799 + t. Is s a composite number?
True
Let i = -27903 - -61150. Is i a composite number?
False
Let y be ((-154)/(-21) - 7)*12. Suppose -919 = y*b - 1491. Is b a prime number?
False
Let w = 550 - 521. Suppose 8*s + 35553 = w*s. Is s prime?
True
Let u = 19 + -20. Let y(s) = -5*s**3 - 3*s - 2. Let q be y(u). Is (-1516)/q*42/(-28) a composite number?
False
Let r be (2*(-3 + 0))/(-1). Let x = r - 1. Suppose 8*d - 6945 = x*d. Is d a composite number?
True
Let y(u) be the second derivative of 3*u**4/4 - u**3/6 - 7*u**2 - 9*u. Let n be y(-7). Suppose 2971 = 5*b - n. Is b composite?
True
Suppose i = 3*z - 16, -z = -3*i - 4*z. Is ((-324630)/600)/(3/i)*5 composite?
False
Let u(d) = -d**2 - 5*d - 7. Let c be u(-4). Let j be (8/6)/((-18)/(-27)). Is -1*(-542 - (c + j)) a composite number?
False
Suppose -21*o - 7346 = 15691. Let w = o - -2248. Is w composite?
False
Suppose 2*t + 4*f = 24 - 58, -t = 5*f + 20. Let o be 5 + (0 - 2) - t. Suppose -2*x = 8 - o, -2075 = -5*h + 4*x. Is h composite?
False
Let h = -982915 - -2012604. Is h a composite number?
False
Suppose 5*t + 26035 = 5*w, 60*w + 5*t = 58*w + 10414. Is w a composite number?
True
Is 11 - 12*11736/(-1) a prime number?
False
Suppose 6672 = 6*a - 0*a. Suppose -5*s + 2262 = -4*j, 0 = -4*s - j + 706 + a. Let l = s + -243. Is l a prime number?
True
Let r = -370117 - -732198. Is r composite?
False
Is (-7363032)/(-57) + 2*27/(-6) composite?
True
Suppose -g + 22 = -5*i, -10 = 3*i + g - 0*g. Let v(m) = -m**3 - 4*m**2 - 3*m - 8. Let j be v(i). Is (2/j)/((-1)/(-1754)) a composite number?
False
Is 6 + (3028/8)/((-28)/(-41944)) prime?
True
Let x = 70818 - -13771. Is x composite?
False
Let b = -132 + 132. Let g be 7/2*16/14. Is 42/g*(b + -3 - -5) prime?
False
Is (-6)/10 - 17/(2040/764838)*-24 a composite number?
True
Let r be (898/(-8))/((-9)/(-36)). Let n = -646 + r. Let s = n - -2314. Is s prime?
False
Let v be (-24)/(-2) + 80 + -83. Suppose v*a = 3*a + 27318. Is a composite?
True
Suppose 0 = z + 5, 5*z + 0*z = -f - 35. Let h be 1/10*-4 + (-474)/f. Suppose -66 = -u + 5*o, -4*o - h = -4*u + 169. Is u prime?
False
Suppose 0*o - 471898 = 5*o - 19*o. Is o a composite number?
True
Suppose -10*i - 88818 = -z - 5*i, 4*z - 355291 = i. Is z composite?
True
Suppose 0 = -4*n + 10*g + 3168314, 3901513 - 733100 = 4*n + g. Is n a composite number?
False
Is ((-4481)/4)/((-46)/120 - 345/(-1150)) prime?
False
Let j be (9/6)/((-33)/(-24) + -1). Let p be (1 - 1)/((-8)/j + 0). Suppose p = -x + 1147 + 1120. Is x a composite number?
False
Let s = -159 - -166. Suppose -s*i + 30391 = -70192. Is i composite?
False
Let p(y) = 165*y**3 + 19*y**2 - 8*y - 11. Let j(c) = -83*c**3 - 9*c**2 + 4*c + 5. Let o(x) = -9*j(x) - 4*p(x). Is o(4) a composite number?
True
Let x(l) = 15*l**2 + 38*l + 188. Is x(-23) prime?
False
Suppose -42*r + 39*r + 411 = 0. Suppose 0 = -2*p + 7*p - 2815. Suppose -d + 5*h = -r - 29, -2*h - p = -3*d. Is d composite?
False
Suppose 2*l + 2*r - 12770 = 0, -3*l + 9319 = 5*r - 9828. Is l a composite number?
False
Let z(g) = -g**3 - 10*g**2 - 19*g - 22. Suppose 5*m = -5*l - 20, 5*l = -m + 5*m - 56. Let i be z(l). Is 14/(-21)*1461/(-4)*i a prime number?
True
Let x = -267 + 2090. Let q = -40 + x. Is q a prime number?
True
Suppose 0 = 2*r + 19 - 29. Suppose -r*a = -24776 - 24579. Is a prime?
True
Let h(x) = -x**3 - 19*x**2 + 6*x + 30. Let c be h(-14). Suppose 4*l = -5*v - 0*l + 187, 2*v - 79 = -3*l. Let q = v - c. Is q prime?
True
Let p(a) = -a**3 + 14*a**2 - 2*a - 11. Let w = 76 - 127. Let g = w - -45. Is p(g) pri